{"id":2,"date":"2015-01-09T03:48:51","date_gmt":"2015-01-09T03:48:51","guid":{"rendered":""},"modified":"2023-03-09T17:02:35","modified_gmt":"2023-03-09T16:02:35","slug":"pagina-di-esempio","status":"publish","type":"page","link":"https:\/\/www.labottegadellelanterne.it\/","title":{"rendered":"La Bottega delle Lanterne"},"content":{"rendered":"<p>CHIUNQUE TU SIA VIENI<\/p>\n<p>\u00abVieni, vieni, chiunque tu sia vieni.<br \/>\nSei un miscredente, un idolatra, un ateo? Vieni.<br \/>\nIl nostro non \u00e8 un luogo di disperazione,<br \/>\ne anche se hai violato cento volte una promessa&#8230; vieni\u00bb.<\/p>\n<p>Jal\u0101l \u0101lD\u012bn R\u016bm\u012b<\/p>\n","protected":false},"excerpt":{"rendered":"<p>CHIUNQUE TU SIA VIENI \u00abVieni, vieni, chiunque tu sia vieni. Sei un miscredente, un idolatra, un ateo? Vieni. Il nostro non \u00e8 un luogo di disperazione, e anche se hai violato cento volte una promessa&#8230; vieni\u00bb. Jal\u0101l \u0101lD\u012bn R\u016bm\u012b<\/p>\n","protected":false},"author":1,"featured_media":465,"parent":0,"menu_order":0,"comment_status":"closed","ping_status":"open","template":"","meta":[],"_links":{"self":[{"href":"https:\/\/www.labottegadellelanterne.it\/index.php?rest_route=\/wp\/v2\/pages\/2"}],"collection":[{"href":"https:\/\/www.labottegadellelanterne.it\/index.php?rest_route=\/wp\/v2\/pages"}],"about":[{"href":"https:\/\/www.labottegadellelanterne.it\/index.php?rest_route=\/wp\/v2\/types\/page"}],"author":[{"embeddable":true,"href":"https:\/\/www.labottegadellelanterne.it\/index.php?rest_route=\/wp\/v2\/users\/1"}],"replies":[{"embeddable":true,"href":"https:\/\/www.labottegadellelanterne.it\/index.php?rest_route=%2Fwp%2Fv2%2Fcomments&post=2"}],"version-history":[{"count":9,"href":"https:\/\/www.labottegadellelanterne.it\/index.php?rest_route=\/wp\/v2\/pages\/2\/revisions"}],"predecessor-version":[{"id":1619,"href":"https:\/\/www.labottegadellelanterne.it\/index.php?rest_route=\/wp\/v2\/pages\/2\/revisions\/1619"}],"wp:featuredmedia":[{"embeddable":true,"href":"https:\/\/www.labottegadellelanterne.it\/index.php?rest_route=\/wp\/v2\/media\/465"}],"wp:attachment":[{"href":"https:\/\/www.labottegadellelanterne.it\/index.php?rest_route=%2Fwp%2Fv2%2Fmedia&parent=2"}],"curies":[{"name":"wp","href":"https:\/\/api.w.org\/{rel}","templated":true}]}}